{"id":6233,"date":"2022-01-19T11:36:27","date_gmt":"2022-01-19T11:36:27","guid":{"rendered":"https:\/\/startvita.pt\/site\/?page_id=6233"},"modified":"2022-01-19T16:08:30","modified_gmt":"2022-01-19T16:08:30","slug":"troca-de-fechadura","status":"publish","type":"page","link":"https:\/\/startvita.pt\/site\/troca-de-fechadura\/","title":{"rendered":"Troca de Fechadura"},"content":{"rendered":"<p>[vc_row][vc_column]\r\n\r\r\n\r\r\n<div class=\"doors_empty_space\" data-heightmobile=\"10px\" data-heighttablet=\"80px\" data-heightdesktop=\"130px\">\r\r\n\r\r\n<\/div>\r\r\n      \r\r\n\r\r\n\r\r\n\r\r\n        \r\r\n      \r\r\n    \r\n\r\r\n\r\r\n<div class=\"doors_empty_space\" data-heightmobile=\"10px\" data-heighttablet=\"80px\" data-heightdesktop=\"130px\">\r\r\n\r\r\n<\/div>\r\r\n      \r\r\n\r\r\n\r\r\n\r\r\n        \r\r\n      \r\r\n    \t\t<div class=\"wd-heading  s-behind-t behind-about text-center\" >\r\n\t\t\t\r\n      \r\n      <h2 style=\"margin:0;\" >\r\n\t\t\t\t\tTroca de Fechadura\t\t\t\t<\/h2>\r\n\r\n        <div style='margin-top: 10px;'><\/div>      \r\n              <h4 style=\"\" >\r\n\t\t\t\t\tPara Portas Seguran\u00e7a Dierre\t\t\t\t<\/h4>\r\n      \r\n      \r\n    \t\t<\/div>\r\n\r\n\t\t[\/vc_column][\/vc_row][vc_row][vc_column]<div class=\"woocommerce columns-4 \"><ul class=\"products columns-4 grid\">\r\n<li class=\"post-6276 product type-product status-publish has-post-thumbnail product_cat-troca-de-fechadura first instock sold-individually shipping-taxable purchasable product-type-simple\" >\r\n\t<div class='product-image-wrapper'><a href=\"https:\/\/startvita.pt\/site\/loja\/troca-de-fechadura-cilindro-startvita-mtl400\/\"><img loading=\"lazy\" decoding=\"async\" width=\"300\" height=\"300\" src=\"https:\/\/startvita.pt\/site\/wp-content\/uploads\/2014\/08\/TR-FX-CLASS-300x300.png?v=1642607601\" class=\"attachment-woocommerce_thumbnail size-woocommerce_thumbnail\" alt=\"2. Troca de Fechadura + Cilindro Startvita MTL400\" srcset=\"https:\/\/startvita.pt\/site\/wp-content\/uploads\/2014\/08\/TR-FX-CLASS-300x300.png?v=1642607601 300w, https:\/\/startvita.pt\/site\/wp-content\/uploads\/2014\/08\/TR-FX-CLASS-150x150.png?v=1642607601 150w, https:\/\/startvita.pt\/site\/wp-content\/uploads\/2014\/08\/TR-FX-CLASS-140x140.png?v=1642607601 140w, https:\/\/startvita.pt\/site\/wp-content\/uploads\/2014\/08\/TR-FX-CLASS-370x370.png?v=1642607601 370w, https:\/\/startvita.pt\/site\/wp-content\/uploads\/2014\/08\/TR-FX-CLASS-250x250.png?v=1642607601 250w, https:\/\/startvita.pt\/site\/wp-content\/uploads\/2014\/08\/TR-FX-CLASS-100x100.png?v=1642607601 100w\" sizes=\"auto, (max-width: 300px) 100vw, 300px\" \/><\/a><\/div><div class=\"product-details-wrapper\">\r\n              <h2 class=\"woocommerce-loop-product__title\">\r\n                <a href=\"https:\/\/startvita.pt\/site\/loja\/troca-de-fechadura-cilindro-startvita-mtl400\/\">2. Troca de Fechadura + Cilindro Startvita MTL400 <\/a>\r\n              <\/h2>\n\t<span class=\"price\"><span class=\"woocommerce-Price-amount amount\"><bdi><span class=\"woocommerce-Price-currencySymbol\">&euro;<\/span>385<\/bdi><\/span><\/span>\n<a href=\"\/site\/wp-json\/wp\/v2\/pages\/6233?add-to-cart=6276\"  data-quantity=\"1\" class=\"button product_type_simple add_to_cart_button ajax_add_to_cart\" data-product_id=\"6276\" data-product_sku=\"\" aria-label=\"Adiciona ao carrinho: &ldquo;2. Troca de Fechadura + Cilindro Startvita MTL400&rdquo;\" rel=\"nofollow\">Adicionar<\/a><\/div><\/li>\r\n<li class=\"post-6281 product type-product status-publish has-post-thumbnail product_cat-troca-de-fechadura  instock sold-individually shipping-taxable purchasable product-type-simple\" >\r\n\t<div class='product-image-wrapper'><a href=\"https:\/\/startvita.pt\/site\/loja\/troca-de-fechadura-cilindro-mtl600\/\"><img loading=\"lazy\" decoding=\"async\" width=\"300\" height=\"300\" src=\"https:\/\/startvita.pt\/site\/wp-content\/uploads\/2014\/08\/TR-FX-INTER-300x300.png?v=1642607604\" class=\"attachment-woocommerce_thumbnail size-woocommerce_thumbnail\" alt=\"3. Troca de Fechadura + Cilindro MTL600\" srcset=\"https:\/\/startvita.pt\/site\/wp-content\/uploads\/2014\/08\/TR-FX-INTER-300x300.png?v=1642607604 300w, https:\/\/startvita.pt\/site\/wp-content\/uploads\/2014\/08\/TR-FX-INTER-150x150.png?v=1642607604 150w, https:\/\/startvita.pt\/site\/wp-content\/uploads\/2014\/08\/TR-FX-INTER-140x140.png?v=1642607604 140w, https:\/\/startvita.pt\/site\/wp-content\/uploads\/2014\/08\/TR-FX-INTER-370x370.png?v=1642607604 370w, https:\/\/startvita.pt\/site\/wp-content\/uploads\/2014\/08\/TR-FX-INTER-250x250.png?v=1642607604 250w, https:\/\/startvita.pt\/site\/wp-content\/uploads\/2014\/08\/TR-FX-INTER-100x100.png?v=1642607604 100w\" sizes=\"auto, (max-width: 300px) 100vw, 300px\" \/><\/a><\/div><div class=\"product-details-wrapper\">\r\n              <h2 class=\"woocommerce-loop-product__title\">\r\n                <a href=\"https:\/\/startvita.pt\/site\/loja\/troca-de-fechadura-cilindro-mtl600\/\">3. Troca de Fechadura + Cilindro MTL600 <\/a>\r\n              <\/h2>\n\t<span class=\"price\"><span class=\"woocommerce-Price-amount amount\"><bdi><span class=\"woocommerce-Price-currencySymbol\">&euro;<\/span>445<\/bdi><\/span><\/span>\n<a href=\"\/site\/wp-json\/wp\/v2\/pages\/6233?add-to-cart=6281\"  data-quantity=\"1\" class=\"button product_type_simple add_to_cart_button ajax_add_to_cart\" data-product_id=\"6281\" data-product_sku=\"\" aria-label=\"Adiciona ao carrinho: &ldquo;3. Troca de Fechadura + Cilindro MTL600&rdquo;\" rel=\"nofollow\">Adicionar<\/a><\/div><\/li>\r\n<li class=\"post-6282 product type-product status-publish has-post-thumbnail product_cat-troca-de-fechadura  instock sold-individually shipping-taxable purchasable product-type-simple\" >\r\n\t<div class='product-image-wrapper'><a href=\"https:\/\/startvita.pt\/site\/loja\/troca-fechadura-de-cilindro-mtl600-service\/\"><img loading=\"lazy\" decoding=\"async\" width=\"300\" height=\"300\" src=\"https:\/\/startvita.pt\/site\/wp-content\/uploads\/2014\/08\/TR-FX-SERV-300x300.png?v=1642607614\" class=\"attachment-woocommerce_thumbnail size-woocommerce_thumbnail\" alt=\"4. Troca de Fechadura + Cilindro MTL600 Service\" srcset=\"https:\/\/startvita.pt\/site\/wp-content\/uploads\/2014\/08\/TR-FX-SERV-300x300.png?v=1642607614 300w, https:\/\/startvita.pt\/site\/wp-content\/uploads\/2014\/08\/TR-FX-SERV-150x150.png?v=1642607614 150w, https:\/\/startvita.pt\/site\/wp-content\/uploads\/2014\/08\/TR-FX-SERV-140x140.png?v=1642607614 140w, https:\/\/startvita.pt\/site\/wp-content\/uploads\/2014\/08\/TR-FX-SERV-370x370.png?v=1642607614 370w, https:\/\/startvita.pt\/site\/wp-content\/uploads\/2014\/08\/TR-FX-SERV-250x250.png?v=1642607614 250w, https:\/\/startvita.pt\/site\/wp-content\/uploads\/2014\/08\/TR-FX-SERV-100x100.png?v=1642607614 100w\" sizes=\"auto, (max-width: 300px) 100vw, 300px\" \/><\/a><\/div><div class=\"product-details-wrapper\">\r\n              <h2 class=\"woocommerce-loop-product__title\">\r\n                <a href=\"https:\/\/startvita.pt\/site\/loja\/troca-fechadura-de-cilindro-mtl600-service\/\">4. Troca de Fechadura + Cilindro MTL600 Service <\/a>\r\n              <\/h2>\n\t<span class=\"price\"><span class=\"woocommerce-Price-amount amount\"><bdi><span class=\"woocommerce-Price-currencySymbol\">&euro;<\/span>475<\/bdi><\/span><\/span>\n<a href=\"\/site\/wp-json\/wp\/v2\/pages\/6233?add-to-cart=6282\"  data-quantity=\"1\" class=\"button product_type_simple add_to_cart_button ajax_add_to_cart\" data-product_id=\"6282\" data-product_sku=\"\" aria-label=\"Adiciona ao carrinho: &ldquo;4. Troca de Fechadura + Cilindro MTL600 Service&rdquo;\" rel=\"nofollow\">Adicionar<\/a><\/div><\/li>\r\n<li class=\"post-6289 product type-product status-publish has-post-thumbnail product_cat-troca-de-fechadura last instock sold-individually shipping-taxable purchasable product-type-simple\" >\r\n\t<div class='product-image-wrapper'><a href=\"https:\/\/startvita.pt\/site\/loja\/troca-de-fechadura-cilindro-mtl600-3em1\/\"><img loading=\"lazy\" decoding=\"async\" width=\"300\" height=\"300\" src=\"https:\/\/startvita.pt\/site\/wp-content\/uploads\/2014\/08\/TR-FX-3EM1-300x300.png?v=1642607595\" class=\"attachment-woocommerce_thumbnail size-woocommerce_thumbnail\" alt=\"5. Troca de Fechadura + Cilindro MTL600 &quot;3-em-1&quot;\" srcset=\"https:\/\/startvita.pt\/site\/wp-content\/uploads\/2014\/08\/TR-FX-3EM1-300x300.png?v=1642607595 300w, https:\/\/startvita.pt\/site\/wp-content\/uploads\/2014\/08\/TR-FX-3EM1-150x150.png?v=1642607595 150w, https:\/\/startvita.pt\/site\/wp-content\/uploads\/2014\/08\/TR-FX-3EM1-140x140.png?v=1642607595 140w, https:\/\/startvita.pt\/site\/wp-content\/uploads\/2014\/08\/TR-FX-3EM1-370x370.png?v=1642607595 370w, https:\/\/startvita.pt\/site\/wp-content\/uploads\/2014\/08\/TR-FX-3EM1-250x250.png?v=1642607595 250w, https:\/\/startvita.pt\/site\/wp-content\/uploads\/2014\/08\/TR-FX-3EM1-100x100.png?v=1642607595 100w\" sizes=\"auto, (max-width: 300px) 100vw, 300px\" \/><\/a><\/div><div class=\"product-details-wrapper\">\r\n              <h2 class=\"woocommerce-loop-product__title\">\r\n                <a href=\"https:\/\/startvita.pt\/site\/loja\/troca-de-fechadura-cilindro-mtl600-3em1\/\">5. Troca de Fechadura + Cilindro MTL600 &#8220;3-em-1&#8221; <\/a>\r\n              <\/h2>\n\t<span class=\"price\"><span class=\"woocommerce-Price-amount amount\"><bdi><span class=\"woocommerce-Price-currencySymbol\">&euro;<\/span>485<\/bdi><\/span><\/span>\n<a href=\"\/site\/wp-json\/wp\/v2\/pages\/6233?add-to-cart=6289\"  data-quantity=\"1\" class=\"button product_type_simple add_to_cart_button ajax_add_to_cart\" data-product_id=\"6289\" data-product_sku=\"\" aria-label=\"Adiciona ao carrinho: &ldquo;5. Troca de Fechadura + Cilindro MTL600 &quot;3-em-1&quot;&rdquo;\" rel=\"nofollow\">Adicionar<\/a><\/div><\/li>\r\n<li class=\"post-6291 product type-product status-publish has-post-thumbnail product_cat-troca-de-fechadura first instock sold-individually shipping-taxable purchasable product-type-simple\" >\r\n\t<div class='product-image-wrapper'><a href=\"https:\/\/startvita.pt\/site\/loja\/troca-de-fechadura-cilindro-mtl800\/\"><img loading=\"lazy\" decoding=\"async\" width=\"300\" height=\"300\" src=\"https:\/\/startvita.pt\/site\/wp-content\/uploads\/2014\/08\/TR-FX-MTL800-300x300.png?v=1642607607\" class=\"attachment-woocommerce_thumbnail size-woocommerce_thumbnail\" alt=\"6. Troca de Fechadura + Cilindro MTL800\" srcset=\"https:\/\/startvita.pt\/site\/wp-content\/uploads\/2014\/08\/TR-FX-MTL800-300x300.png?v=1642607607 300w, https:\/\/startvita.pt\/site\/wp-content\/uploads\/2014\/08\/TR-FX-MTL800-150x150.png?v=1642607607 150w, https:\/\/startvita.pt\/site\/wp-content\/uploads\/2014\/08\/TR-FX-MTL800-140x140.png?v=1642607607 140w, https:\/\/startvita.pt\/site\/wp-content\/uploads\/2014\/08\/TR-FX-MTL800-370x370.png?v=1642607607 370w, https:\/\/startvita.pt\/site\/wp-content\/uploads\/2014\/08\/TR-FX-MTL800-250x250.png?v=1642607607 250w, https:\/\/startvita.pt\/site\/wp-content\/uploads\/2014\/08\/TR-FX-MTL800-100x100.png?v=1642607607 100w\" sizes=\"auto, (max-width: 300px) 100vw, 300px\" \/><\/a><\/div><div class=\"product-details-wrapper\">\r\n              <h2 class=\"woocommerce-loop-product__title\">\r\n                <a href=\"https:\/\/startvita.pt\/site\/loja\/troca-de-fechadura-cilindro-mtl800\/\">6. Troca de Fechadura + Cilindro MTL800 <\/a>\r\n              <\/h2>\n\t<span class=\"price\"><span class=\"woocommerce-Price-amount amount\"><bdi><span class=\"woocommerce-Price-currencySymbol\">&euro;<\/span>499<\/bdi><\/span><\/span>\n<a href=\"\/site\/wp-json\/wp\/v2\/pages\/6233?add-to-cart=6291\"  data-quantity=\"1\" class=\"button product_type_simple add_to_cart_button ajax_add_to_cart\" data-product_id=\"6291\" data-product_sku=\"\" aria-label=\"Adiciona ao carrinho: &ldquo;6. Troca de Fechadura + Cilindro MTL800&rdquo;\" rel=\"nofollow\">Adicionar<\/a><\/div><\/li>\r\n<li class=\"post-6365 product type-product status-publish has-post-thumbnail product_cat-troca-de-fechadura  instock sold-individually shipping-taxable purchasable product-type-variable has-default-attributes\" >\r\n\t<div class='product-image-wrapper'><a href=\"https:\/\/startvita.pt\/site\/loja\/7-troca-de-fechadura-linus\/\"><img loading=\"lazy\" decoding=\"async\" width=\"300\" height=\"300\" src=\"https:\/\/startvita.pt\/site\/wp-content\/uploads\/2014\/08\/linus_web_banners_desktop-2_1000-e1642510816595-300x300.jpg?v=1642515720\" class=\"attachment-woocommerce_thumbnail size-woocommerce_thumbnail\" alt=\"7. Troca de Fechadura + Linus\" srcset=\"https:\/\/startvita.pt\/site\/wp-content\/uploads\/2014\/08\/linus_web_banners_desktop-2_1000-e1642510816595-300x300.jpg?v=1642515720 300w, https:\/\/startvita.pt\/site\/wp-content\/uploads\/2014\/08\/linus_web_banners_desktop-2_1000-e1642510816595-150x150.jpg?v=1642515720 150w, https:\/\/startvita.pt\/site\/wp-content\/uploads\/2014\/08\/linus_web_banners_desktop-2_1000-e1642510816595-140x140.jpg?v=1642515720 140w, https:\/\/startvita.pt\/site\/wp-content\/uploads\/2014\/08\/linus_web_banners_desktop-2_1000-e1642510816595-370x370.jpg?v=1642515720 370w, https:\/\/startvita.pt\/site\/wp-content\/uploads\/2014\/08\/linus_web_banners_desktop-2_1000-e1642510816595-250x250.jpg?v=1642515720 250w, https:\/\/startvita.pt\/site\/wp-content\/uploads\/2014\/08\/linus_web_banners_desktop-2_1000-e1642510816595-100x100.jpg?v=1642515720 100w\" sizes=\"auto, (max-width: 300px) 100vw, 300px\" \/><\/a><\/div><div class=\"product-details-wrapper\">\r\n              <h2 class=\"woocommerce-loop-product__title\">\r\n                <a href=\"https:\/\/startvita.pt\/site\/loja\/7-troca-de-fechadura-linus\/\">7. Troca de Fechadura + Linus <\/a>\r\n              <\/h2>\n\t<span class=\"price\"><span class=\"woocommerce-Price-amount amount\" aria-hidden=\"true\"><bdi><span class=\"woocommerce-Price-currencySymbol\">&euro;<\/span>759<\/bdi><\/span> <span aria-hidden=\"true\">&ndash;<\/span> <span class=\"woocommerce-Price-amount amount\" aria-hidden=\"true\"><bdi><span class=\"woocommerce-Price-currencySymbol\">&euro;<\/span>898<\/bdi><\/span><span class=\"screen-reader-text\">Price range: &euro;759 through &euro;898<\/span><\/span>\n<a href=\"https:\/\/startvita.pt\/site\/loja\/7-troca-de-fechadura-linus\/\"  data-quantity=\"1\" class=\"button product_type_variable add_to_cart_button\" data-product_id=\"6365\" data-product_sku=\"\" aria-label=\"Seleccione as op\u00e7\u00f5es para &ldquo;7. Troca de Fechadura + Linus&rdquo;\" rel=\"nofollow\">Ver op\u00e7\u00f5es<\/a><\/div><\/li>\r\n<\/ul>\n<\/div>[\/vc_column][\/vc_row]<\/p>\n","protected":false},"excerpt":{"rendered":"<p>[vc_row][vc_column][\/vc_column][\/vc_row][vc_row][vc_column][\/vc_column][\/vc_row]<\/p>\n","protected":false},"author":2,"featured_media":0,"parent":0,"menu_order":0,"comment_status":"closed","ping_status":"closed","template":"","meta":{"footnotes":""},"class_list":["post-6233","page","type-page","status-publish","hentry"],"yoast_head":"<!-- This site is optimized with the Yoast SEO Premium plugin v24.1 (Yoast SEO v27.4) - https:\/\/yoast.com\/product\/yoast-seo-premium-wordpress\/ -->\n<title>Troca de Fechadura - Startvita<\/title>\n<meta name=\"robots\" content=\"index, follow, max-snippet:-1, max-image-preview:large, max-video-preview:-1\" \/>\n<link rel=\"canonical\" href=\"https:\/\/startvita.pt\/site\/troca-de-fechadura\/\" \/>\n<meta property=\"og:locale\" content=\"pt_PT\" \/>\n<meta property=\"og:type\" content=\"article\" \/>\n<meta property=\"og:title\" content=\"Troca de Fechadura\" \/>\n<meta property=\"og:description\" content=\"[vc_row][vc_column][\/vc_column][\/vc_row][vc_row][vc_column][\/vc_column][\/vc_row]\" \/>\n<meta property=\"og:url\" content=\"https:\/\/startvita.pt\/site\/troca-de-fechadura\/\" \/>\n<meta property=\"og:site_name\" content=\"Startvita\" \/>\n<meta property=\"article:publisher\" content=\"https:\/\/www.facebook.com\/Startvita.Lda\" \/>\n<meta property=\"article:modified_time\" content=\"2022-01-19T16:08:30+00:00\" \/>\n<meta property=\"og:image\" content=\"https:\/\/startvita.pt\/site\/wp-content\/uploads\/2023\/02\/Logotipo_1-1.png?v=1675254647\" \/>\n\t<meta property=\"og:image:width\" content=\"3565\" \/>\n\t<meta property=\"og:image:height\" content=\"1639\" \/>\n\t<meta property=\"og:image:type\" content=\"image\/png\" \/>\n<meta name=\"twitter:card\" content=\"summary_large_image\" \/>\n<script type=\"application\/ld+json\" class=\"yoast-schema-graph\">{\"@context\":\"https:\\\/\\\/schema.org\",\"@graph\":[{\"@type\":\"WebPage\",\"@id\":\"https:\\\/\\\/startvita.pt\\\/site\\\/troca-de-fechadura\\\/\",\"url\":\"https:\\\/\\\/startvita.pt\\\/site\\\/troca-de-fechadura\\\/\",\"name\":\"Troca de Fechadura - Startvita\",\"isPartOf\":{\"@id\":\"https:\\\/\\\/startvita.pt\\\/site\\\/#website\"},\"datePublished\":\"2022-01-19T11:36:27+00:00\",\"dateModified\":\"2022-01-19T16:08:30+00:00\",\"breadcrumb\":{\"@id\":\"https:\\\/\\\/startvita.pt\\\/site\\\/troca-de-fechadura\\\/#breadcrumb\"},\"inLanguage\":\"pt-PT\",\"potentialAction\":[{\"@type\":\"ReadAction\",\"target\":[\"https:\\\/\\\/startvita.pt\\\/site\\\/troca-de-fechadura\\\/\"]}]},{\"@type\":\"BreadcrumbList\",\"@id\":\"https:\\\/\\\/startvita.pt\\\/site\\\/troca-de-fechadura\\\/#breadcrumb\",\"itemListElement\":[{\"@type\":\"ListItem\",\"position\":1,\"name\":\"In\u00edcio\",\"item\":\"https:\\\/\\\/startvita.pt\\\/site\\\/\"},{\"@type\":\"ListItem\",\"position\":2,\"name\":\"Troca de Fechadura\"}]},{\"@type\":\"WebSite\",\"@id\":\"https:\\\/\\\/startvita.pt\\\/site\\\/#website\",\"url\":\"https:\\\/\\\/startvita.pt\\\/site\\\/\",\"name\":\"Startvita Portas Blindadas\",\"description\":\"Portas Blindadas\",\"publisher\":{\"@id\":\"https:\\\/\\\/startvita.pt\\\/site\\\/#organization\"},\"alternateName\":\"Startvita\",\"potentialAction\":[{\"@type\":\"SearchAction\",\"target\":{\"@type\":\"EntryPoint\",\"urlTemplate\":\"https:\\\/\\\/startvita.pt\\\/site\\\/?s={search_term_string}\"},\"query-input\":{\"@type\":\"PropertyValueSpecification\",\"valueRequired\":true,\"valueName\":\"search_term_string\"}}],\"inLanguage\":\"pt-PT\"},{\"@type\":\"Organization\",\"@id\":\"https:\\\/\\\/startvita.pt\\\/site\\\/#organization\",\"name\":\"Startvita Portas Blindadas\",\"alternateName\":\"Startvita, Lda.\",\"url\":\"https:\\\/\\\/startvita.pt\\\/site\\\/\",\"logo\":{\"@type\":\"ImageObject\",\"inLanguage\":\"pt-PT\",\"@id\":\"https:\\\/\\\/startvita.pt\\\/site\\\/#\\\/schema\\\/logo\\\/image\\\/\",\"url\":\"https:\\\/\\\/startvita.pt\\\/site\\\/wp-content\\\/uploads\\\/2014\\\/08\\\/Logo_seo.png\",\"contentUrl\":\"https:\\\/\\\/startvita.pt\\\/site\\\/wp-content\\\/uploads\\\/2014\\\/08\\\/Logo_seo.png\",\"width\":691,\"height\":691,\"caption\":\"Startvita Portas Blindadas\"},\"image\":{\"@id\":\"https:\\\/\\\/startvita.pt\\\/site\\\/#\\\/schema\\\/logo\\\/image\\\/\"},\"sameAs\":[\"https:\\\/\\\/www.facebook.com\\\/Startvita.Lda\",\"https:\\\/\\\/www.instagram.com\\\/startvita_portas\\\/\"],\"description\":\"Com\u00e9rcio e montagem de Portas Blindadas, Port\u00f5es Seccion\u00e1veis e Automatismos, Serralharia Port\u00f5es e Gradeamentos. Temos tamb\u00e9m Portas Corta-Fogo, Portas Multiuso, Portas de Interior, entre outros.\",\"email\":\"geral@startvita.pt\",\"telephone\":\"212216028\",\"legalName\":\"Startvita - Portas e Automatismos Unipessoal, Lda.\",\"foundingDate\":\"2006-02-07\",\"vatID\":\"507634322\",\"numberOfEmployees\":{\"@type\":\"QuantitativeValue\",\"minValue\":\"1\",\"maxValue\":\"10\"},\"publishingPrinciples\":\"https:\\\/\\\/startvita.pt\\\/site\\\/produtos-seguranca-startvita\\\/\"}]}<\/script>\n<!-- \/ Yoast SEO Premium plugin. -->","yoast_head_json":{"title":"Troca de Fechadura - Startvita","robots":{"index":"index","follow":"follow","max-snippet":"max-snippet:-1","max-image-preview":"max-image-preview:large","max-video-preview":"max-video-preview:-1"},"canonical":"https:\/\/startvita.pt\/site\/troca-de-fechadura\/","og_locale":"pt_PT","og_type":"article","og_title":"Troca de Fechadura","og_description":"[vc_row][vc_column][\/vc_column][\/vc_row][vc_row][vc_column][\/vc_column][\/vc_row]","og_url":"https:\/\/startvita.pt\/site\/troca-de-fechadura\/","og_site_name":"Startvita","article_publisher":"https:\/\/www.facebook.com\/Startvita.Lda","article_modified_time":"2022-01-19T16:08:30+00:00","og_image":[{"width":3565,"height":1639,"url":"https:\/\/startvita.pt\/site\/wp-content\/uploads\/2023\/02\/Logotipo_1-1.png?v=1675254647","type":"image\/png"}],"twitter_card":"summary_large_image","schema":{"@context":"https:\/\/schema.org","@graph":[{"@type":"WebPage","@id":"https:\/\/startvita.pt\/site\/troca-de-fechadura\/","url":"https:\/\/startvita.pt\/site\/troca-de-fechadura\/","name":"Troca de Fechadura - Startvita","isPartOf":{"@id":"https:\/\/startvita.pt\/site\/#website"},"datePublished":"2022-01-19T11:36:27+00:00","dateModified":"2022-01-19T16:08:30+00:00","breadcrumb":{"@id":"https:\/\/startvita.pt\/site\/troca-de-fechadura\/#breadcrumb"},"inLanguage":"pt-PT","potentialAction":[{"@type":"ReadAction","target":["https:\/\/startvita.pt\/site\/troca-de-fechadura\/"]}]},{"@type":"BreadcrumbList","@id":"https:\/\/startvita.pt\/site\/troca-de-fechadura\/#breadcrumb","itemListElement":[{"@type":"ListItem","position":1,"name":"In\u00edcio","item":"https:\/\/startvita.pt\/site\/"},{"@type":"ListItem","position":2,"name":"Troca de Fechadura"}]},{"@type":"WebSite","@id":"https:\/\/startvita.pt\/site\/#website","url":"https:\/\/startvita.pt\/site\/","name":"Startvita Portas Blindadas","description":"Portas Blindadas","publisher":{"@id":"https:\/\/startvita.pt\/site\/#organization"},"alternateName":"Startvita","potentialAction":[{"@type":"SearchAction","target":{"@type":"EntryPoint","urlTemplate":"https:\/\/startvita.pt\/site\/?s={search_term_string}"},"query-input":{"@type":"PropertyValueSpecification","valueRequired":true,"valueName":"search_term_string"}}],"inLanguage":"pt-PT"},{"@type":"Organization","@id":"https:\/\/startvita.pt\/site\/#organization","name":"Startvita Portas Blindadas","alternateName":"Startvita, Lda.","url":"https:\/\/startvita.pt\/site\/","logo":{"@type":"ImageObject","inLanguage":"pt-PT","@id":"https:\/\/startvita.pt\/site\/#\/schema\/logo\/image\/","url":"https:\/\/startvita.pt\/site\/wp-content\/uploads\/2014\/08\/Logo_seo.png","contentUrl":"https:\/\/startvita.pt\/site\/wp-content\/uploads\/2014\/08\/Logo_seo.png","width":691,"height":691,"caption":"Startvita Portas Blindadas"},"image":{"@id":"https:\/\/startvita.pt\/site\/#\/schema\/logo\/image\/"},"sameAs":["https:\/\/www.facebook.com\/Startvita.Lda","https:\/\/www.instagram.com\/startvita_portas\/"],"description":"Com\u00e9rcio e montagem de Portas Blindadas, Port\u00f5es Seccion\u00e1veis e Automatismos, Serralharia Port\u00f5es e Gradeamentos. Temos tamb\u00e9m Portas Corta-Fogo, Portas Multiuso, Portas de Interior, entre outros.","email":"geral@startvita.pt","telephone":"212216028","legalName":"Startvita - Portas e Automatismos Unipessoal, Lda.","foundingDate":"2006-02-07","vatID":"507634322","numberOfEmployees":{"@type":"QuantitativeValue","minValue":"1","maxValue":"10"},"publishingPrinciples":"https:\/\/startvita.pt\/site\/produtos-seguranca-startvita\/"}]}},"_links":{"self":[{"href":"https:\/\/startvita.pt\/site\/wp-json\/wp\/v2\/pages\/6233","targetHints":{"allow":["GET"]}}],"collection":[{"href":"https:\/\/startvita.pt\/site\/wp-json\/wp\/v2\/pages"}],"about":[{"href":"https:\/\/startvita.pt\/site\/wp-json\/wp\/v2\/types\/page"}],"author":[{"embeddable":true,"href":"https:\/\/startvita.pt\/site\/wp-json\/wp\/v2\/users\/2"}],"replies":[{"embeddable":true,"href":"https:\/\/startvita.pt\/site\/wp-json\/wp\/v2\/comments?post=6233"}],"version-history":[{"count":7,"href":"https:\/\/startvita.pt\/site\/wp-json\/wp\/v2\/pages\/6233\/revisions"}],"predecessor-version":[{"id":7322,"href":"https:\/\/startvita.pt\/site\/wp-json\/wp\/v2\/pages\/6233\/revisions\/7322"}],"wp:attachment":[{"href":"https:\/\/startvita.pt\/site\/wp-json\/wp\/v2\/media?parent=6233"}],"curies":[{"name":"wp","href":"https:\/\/api.w.org\/{rel}","templated":true}]}}