{"id":4155,"date":"2021-10-29T11:04:42","date_gmt":"2021-10-29T11:04:42","guid":{"rendered":"https:\/\/startvita.pt\/site\/?page_id=4155"},"modified":"2022-02-17T12:09:31","modified_gmt":"2022-02-17T12:09:31","slug":"cilindros_mul-t-lock","status":"publish","type":"page","link":"https:\/\/startvita.pt\/site\/cilindros_mul-t-lock\/","title":{"rendered":"Cilindros Mul-t-Lock"},"content":{"rendered":"<p>[vc_row][vc_column]\r\n\r\r\n\r\r\n<div class=\"doors_empty_space\" data-heightmobile=\"10px\" data-heighttablet=\"80px\" data-heightdesktop=\"130px\">\r\r\n\r\r\n<\/div>\r\r\n      \r\r\n\r\r\n\r\r\n\r\r\n        \r\r\n      \r\r\n    \r\n\r\r\n\r\r\n<div class=\"doors_empty_space\" data-heightmobile=\"10px\" data-heighttablet=\"80px\" data-heightdesktop=\"130px\">\r\r\n\r\r\n<\/div>\r\r\n      \r\r\n\r\r\n\r\r\n\r\r\n        \r\r\n      \r\r\n    \t\t<div class=\"wd-heading  s-behind-t behind-about text-center\" >\r\n\t\t\t\r\n      \r\n      <h2 style=\"margin:0;\" >\r\n\t\t\t\t\tCilindros Mul-t-Lock\t\t\t\t<\/h2>\r\n\r\n        <div style='margin-top: 10px;'><\/div>      \r\n              <h4 style=\"\" >\r\n\t\t\t\t\tConhe\u00e7a A Nossa Vasta Gama De Cilindros de Alta Seguran\u00e7a Mul-t-Lock\t\t\t\t<\/h4>\r\n      \r\n      \r\n    \t\t<\/div>\r\n\r\n\t\t\r\n\r\r\n\r\r\n<div class=\"doors_empty_space\" data-heightmobile=\"10px\" data-heighttablet=\"80px\" data-heightdesktop=\"130px\">\r\r\n\r\r\n<\/div>\r\r\n      \r\r\n\r\r\n\r\r\n\r\r\n        \r\r\n      \r\r\n    [vc_single_image image=&#8221;4161&#8243; img_size=&#8221;full&#8221; alignment=&#8221;center&#8221;]\r\n\r\r\n\r\r\n<div class=\"doors_empty_space\" data-heightmobile=\"10px\" data-heighttablet=\"80px\" data-heightdesktop=\"130px\">\r\r\n\r\r\n<\/div>\r\r\n      \r\r\n\r\r\n\r\r\n\r\r\n        \r\r\n      \r\r\n    [\/vc_column][\/vc_row][vc_row][vc_column width=&#8221;1\/2&#8243;][vc_column_text]<\/p>\n<p><em><strong>Cilindro Mul-T-Lock Mod. 7\u00d77<\/strong><\/em><\/p>\n<p>Os cilindros de seguran\u00e7a do sistema 7\u00d77 Mul-T-Lock t\u00eam um mecanismo de tambor de pinos com 7 c\u00e2maras.<br \/>\nA chave para o sistema 7\u00d77 \u00e9 uma chave de face dupla em Alpaca com cabe\u00e7a em nylon.<br \/>\nTodos os produtos podem ser fornecidos com Combina\u00e7\u00f5es Iguais, Diferentes ou para Sistemas de Chaves Mestras.<br \/>\nA combina\u00e7\u00e3o entre os elevados padr\u00f5es de produ\u00e7\u00e3o da Mul-T-Lock e a seguran\u00e7a de alta qualidade, oferecem aos seus clientes a melhor rela\u00e7\u00e3o de Pre\u00e7o\/Qualidade.<b><\/b><i><\/i><u><\/u><\/p>\n<p>Clique aqui para\u00a0<a href=\"https:\/\/startvita.pt\/site\/portas_blindadas\/\">COMPRAR<\/a><\/p>\n<p>[\/vc_column_text][\/vc_column][vc_column width=&#8221;1\/2&#8243;][vc_row_inner][vc_column_inner width=&#8221;1\/2&#8243;][vc_single_image image=&#8221;6279&#8243; img_size=&#8221;full&#8221;][vc_column_text]Distribuidor autorizado[\/vc_column_text][\/vc_column_inner][vc_column_inner width=&#8221;1\/2&#8243;][vc_single_image image=&#8221;6410&#8243; img_size=&#8221;full&#8221;][vc_single_image image=&#8221;4161&#8243; img_size=&#8221;full&#8221;][\/vc_column_inner][\/vc_row_inner][\/vc_column][vc_column]\r\n\r\r\n\r\r\n<div class=\"doors_empty_space\" data-heightmobile=\"130px\" data-heighttablet=\"130px\" data-heightdesktop=\"130px\">\r\r\n\r\r\n<\/div>\r\r\n      \r\r\n\r\r\n\r\r\n\r\r\n        \r\r\n      \r\r\n    [\/vc_column][\/vc_row][vc_row][vc_column width=&#8221;1\/2&#8243;][vc_column_text]<em><strong>Cilindro Mul-T-Lock Mod. STARTVITA MTL400<\/strong><\/em><\/p>\n<p>O cilindro Mul-T-Lock STARTVITA MTL400 \u00e9 composto por um sistema telesc\u00f3pico de 10 pinos com pino patenteado exclusivo para aumentar a seguran\u00e7a contra aberturas com gazuas e &#8220;bumping&#8221;<br \/>\nMaior resist\u00eancia contra perfura\u00e7\u00e3o e pux\u00e3o, em conformidade com EN 1303:2013.<br \/>\nFabricado em materiais de alta qualidade, incluindo molas de a\u00e7o inoxid\u00e1vel duradouras.<br \/>\nA chave \u00e9 constru\u00edda com corte especial e patenteado exclusivo.<br \/>\nDuplica\u00e7\u00e3o segura e exclusiva de chaves mediante a apresenta\u00e7\u00e3o do cart\u00e3o de identifica\u00e7\u00e3o do cilindro.<\/p>\n<p>Clique aqui para\u00a0<a href=\"https:\/\/startvita.pt\/site\/portas_blindadas\/\">COMPRAR<\/a>[\/vc_column_text][\/vc_column][vc_column width=&#8221;1\/2&#8243;][vc_row_inner][vc_column_inner width=&#8221;1\/2&#8243;][vc_single_image image=&#8221;6213&#8243; img_size=&#8221;full&#8221;][vc_column_text]Distribuidor autorizado[\/vc_column_text][\/vc_column_inner][vc_column_inner width=&#8221;1\/2&#8243;][vc_single_image image=&#8221;6406&#8243; img_size=&#8221;full&#8221;][vc_single_image image=&#8221;4161&#8243; img_size=&#8221;full&#8221;][\/vc_column_inner][\/vc_row_inner][\/vc_column][\/vc_row][vc_row][vc_column]\r\n\r\r\n\r\r\n<div class=\"doors_empty_space\" data-heightmobile=\"130px\" data-heighttablet=\"130px\" data-heightdesktop=\"130px\">\r\r\n\r\r\n<\/div>\r\r\n      \r\r\n\r\r\n\r\r\n\r\r\n        \r\r\n      \r\r\n    \t\t<div class=\"wd-heading  s-behind-t behind-about text-center\" >\r\n\t\t\t\r\n      \r\n      <h2 style=\"margin:0;\" >\r\n\t\t\t\t\t\t\t\t\t<\/h2>\r\n\r\n        <div style='margin-top: 10px;'><\/div>      \r\n      \r\n      \r\n    \t\t<\/div>\r\n\r\n\t\t[vc_column_text]<em><strong>Cilind<\/strong><\/em><em><strong>ro Mul-T-Lock Mod. MTL600\u00a0 \u00a0 \u00a0\u00a0<\/strong><\/em><\/p>\n<p>Os cilindros de alta seguran\u00e7a Mul-T-Lock t\u00eam um mecanismo \u00fanico de tambor de pinos telesc\u00f3picos, com pinos internos e externos. Os dois grupos de pinos, internos e externos, t\u00eam de estar simultaneamente alinhados de forma a permitir que o\u00a0mecanismo\u00a0interno (rotor)\u00a0rode livremente.<br \/>\nO rotor Mul-T-Lock patenteado tem uma estrutura \u00fanica. Quando os pinos superiores e os inferiores, rotor e corpo, se encontram, \u00e9 originado um alinhamento a tr\u00eas dimens\u00f5es com forma esf\u00e9rica quase perfeita. Pequenas pe\u00e7as, em a\u00e7o, embutidas, asseguram resist\u00eancia anti perfura\u00e7\u00e3o com broca.<br \/>\nEstas caracter\u00edsticas aumentam a dimens\u00e3o da seguran\u00e7a e tornam o cilindro Mul-T-Lock resistente a tentativas de arrombamento por gazua e por perfura\u00e7\u00e3o com broca.<br \/>\nEm Mestragens, podem ser aplicados pinos laterais e posteriores adicionais.<br \/>\nO sistema MTL600patenteado Mul-T-Lock eleva o n\u00edvel de seguran\u00e7a para novos padr\u00f5es.<br \/>\nO sistema MTL600 combina o mecanismo \u00fanico de tambor de pinos telesc\u00f3picos e caracter\u00edsticas especiais do sistema Cl\u00e1ssico, com um pino de mola no rotor do cilindro, para originar uma \u2018combina\u00e7\u00e3o virtual\u2019 apenas quando a chave \u00e9 inserida na fechadura.<br \/>\nA chave MTL600 patenteada aumenta o controlo sobre o corte de chaves, para atingir um n\u00edvel mais elevado de seguran\u00e7a Chaves adicionais s\u00f3 devem ser cortadas ap\u00f3s a apresenta\u00e7\u00e3o do cart\u00e3o de duplica\u00e7\u00e3o Mul-T-Lock e a verifica\u00e7\u00e3o da identidade do portador, de acordo com os procedimentos de corte de chaves da Mul-T-Lock.<br \/>\nCom base em quatro d\u00e9cadas de experi\u00eancia extensiva e tecnologia comprovada do sistema MTL600 e sucesso global, a MTL600 utiliza tecnologia patenteada para aumentar a alta seguran\u00e7a.<br \/>\nDispon\u00edvel em todos os formatos e tipos de produtos, a chave do cilindro MTL600 fornece alta seguran\u00e7a avan\u00e7ada e prote\u00e7\u00e3o com uma \u00fanica chave que pode caber em todos os produtos para conveni\u00eancia real.<br \/>\nUsando tecnologia avan\u00e7ada, MTL600 combina uma varia\u00e7\u00e3o melhorada do mecanismo de pinos telesc\u00f3picos com um elemento flutuante patenteado especial para atender aos mais altos padr\u00f5es de seguran\u00e7a.[\/vc_column_text][vc_row_inner][vc_column_inner width=&#8221;1\/3&#8243;][vc_single_image image=&#8221;4177&#8243; img_size=&#8221;full&#8221;][vc_column_text]Distribuidor autorizado[\/vc_column_text][\/vc_column_inner][vc_column_inner width=&#8221;1\/3&#8243;][vc_single_image image=&#8221;4176&#8243; img_size=&#8221;full&#8221;][\/vc_column_inner][vc_column_inner width=&#8221;1\/3&#8243;][vc_single_image image=&#8221;4161&#8243; img_size=&#8221;full&#8221;][\/vc_column_inner][\/vc_row_inner][\/vc_column][\/vc_row][vc_row][vc_column]\r\n\r\r\n\r\r\n<div class=\"doors_empty_space\" data-heightmobile=\"130px\" data-heighttablet=\"130px\" data-heightdesktop=\"130px\">\r\r\n\r\r\n<\/div>\r\r\n      \r\r\n\r\r\n\r\r\n\r\r\n        \r\r\n      \r\r\n    \t\t<div class=\"wd-heading  s-behind-t behind-about text-center\" >\r\n\t\t\t\r\n      \r\n      <h2 style=\"margin:0;\" >\r\n\t\t\t\t\t\t\t\t\t<\/h2>\r\n\r\n        <div style='margin-top: 10px;'><\/div>      \r\n      \r\n      \r\n    \t\t<\/div>\r\n\r\n\t\t[vc_column_text]<em><strong>\u00a0Cilind<\/strong><\/em><em><strong>ro Mul-T-Lock Mod. MTL800\u00a0 \u00a0 \u00a0<\/strong><\/em><\/p>\n<p>O Cilindro MTL800 multi-patenteada da Mul-T-Lock, certificada com CLASSE 4 anti-Intrus\u00e3o, integra tecnologia avan\u00e7ada para seguran\u00e7a premium, al\u00e9m de aumentar o controle chave.<br \/>\nComo l\u00edderes em solu\u00e7\u00f5es de bloqueio de alta seguran\u00e7a, o sistema MTL800 \u00e9 projetado para prote\u00e7\u00e3o m\u00e1xima, flexibilidade e conveni\u00eancia para atender \u00e0s necessidades dos clientes em qualquer setor. Com elementos de prote\u00e7\u00e3o para criar um mecanismo de bloqueio duplo ou triplo para fornecer os mais altos n\u00edveis de seguran\u00e7a de bloqueio: a inovadora tecnologia de pinos telesc\u00f3picos Mul-T-Lock torna altamente eficaz e confi\u00e1vel.<br \/>\nCom o seu rotor patenteado, um elemento m\u00f3vel especial localizado na ponta da chave, engaja um n\u00edvel adicional de seguran\u00e7a para prote\u00e7\u00e3o aprimorada.<br \/>\nO simbolo \u201c+\u201d no MTL800 \u00e9 um poderoso mecanismo de bloqueio de barra lateral, que interage com pinos horizontais exclusivos para prote\u00e7\u00e3o extra.<br \/>\nO sistema MTL800 traz diversos benef\u00edcios de seguran\u00e7a em camadas m\u00faltiplas, com a integra\u00e7\u00e3o de um mecanismo de bloqueio avan\u00e7ado.<br \/>\nTem tamb\u00e9m um controlo Avan\u00e7ado, atrav\u00e9s do cart\u00e3o-chave Mul-T-Lock codificado exclusivo, somente leg\u00edvel por revendedores Mul-T-Lock autorizados com m\u00e1quinas KC5 e a op\u00e7\u00e3o Mestragem, suportando complexas necessidades operacionais e organizacionais.<\/p>\n<p><strong>O sistema MTL800 est\u00e1 preparado para atender a uma variedade de necessidades:<\/strong><br \/>\n\u2022 Sistema de Chave Mestra: atribuir v\u00e1rios n\u00edveis de acesso \u00e0 chave de um usu\u00e1rio.<br \/>\n\u2022 Chaves Mestradas: acesso cada porta com uma chave diferente ou com acesso m\u00faltiplo portas com uma \u00fanica chave.<br \/>\n\u2022 Cilindro personalizado: d\u00e1-lhe a flexibilidade de configurar r\u00e1pida e facilmente comprimentos de cilindro de acordo com as necessidades do cliente.<br \/>\n\u2022 Anti-Quebra: impede tentativas de intrus\u00e3o atrav\u00e9s de um avan\u00e7ado cilindro vis\u00edvel, snap-resistente e flex\u00edvel CLIQ Compat\u00edvel \u2013 adicione o controle de acesso conveniente, integrando a plataforma CLIQ\u00ae eletromec\u00e2nico \u00e0 sua MTL800.[\/vc_column_text][vc_row_inner][vc_column_inner width=&#8221;1\/3&#8243;][vc_single_image image=&#8221;7757&#8243; img_size=&#8221;full&#8221;][\/vc_column_inner][vc_column_inner width=&#8221;1\/3&#8243;][vc_single_image image=&#8221;7758&#8243; img_size=&#8221;full&#8221;][\/vc_column_inner][vc_column_inner width=&#8221;1\/3&#8243;][vc_single_image image=&#8221;4161&#8243; img_size=&#8221;full&#8221;][\/vc_column_inner][\/vc_row_inner][\/vc_column][\/vc_row]<\/p>\n","protected":false},"excerpt":{"rendered":"<p>[vc_row][vc_column][vc_single_image image=&#8221;4161&#8243; img_size=&#8221;full&#8221; alignment=&#8221;center&#8221;][\/vc_column][\/vc_row][vc_row][vc_column width=&#8221;1\/2&#8243;][vc_column_text] Cilindro Mul-T-Lock Mod. 7\u00d77 Os cilindros de seguran\u00e7a do sistema 7\u00d77 Mul-T-Lock t\u00eam um mecanismo de tambor de pinos com 7 c\u00e2maras. A chave para o sistema 7\u00d77 \u00e9 uma chave de face dupla em Alpaca com cabe\u00e7a em nylon. Todos os produtos podem ser fornecidos com Combina\u00e7\u00f5es Iguais, Diferentes [&hellip;]<\/p>\n","protected":false},"author":1,"featured_media":0,"parent":0,"menu_order":0,"comment_status":"closed","ping_status":"closed","template":"","meta":{"footnotes":""},"class_list":["post-4155","page","type-page","status-publish","hentry"],"yoast_head":"<!-- This site is optimized with the Yoast SEO Premium plugin v24.1 (Yoast SEO v27.3) - https:\/\/yoast.com\/product\/yoast-seo-premium-wordpress\/ -->\n<title>Cilindros Mul-t-Lock - Startvita<\/title>\n<meta name=\"description\" content=\"Reforce a seguran\u00e7a da sua casa com os cilindros Mul-T-Lock. Com prote\u00e7\u00e3o contra Gazuas, Bumping, Extra\u00e7\u00e3o, Quebra e Fura\u00e7\u00e3o. Conhe\u00e7a aqui!\" \/>\n<meta name=\"robots\" content=\"index, follow, max-snippet:-1, max-image-preview:large, max-video-preview:-1\" \/>\n<link rel=\"canonical\" href=\"https:\/\/startvita.pt\/site\/cilindros_mul-t-lock\/\" \/>\n<meta property=\"og:locale\" content=\"pt_PT\" \/>\n<meta property=\"og:type\" content=\"article\" \/>\n<meta property=\"og:title\" content=\"Cilindros Mul-t-Lock\" \/>\n<meta property=\"og:description\" content=\"Reforce a seguran\u00e7a da sua casa com os cilindros Mul-T-Lock. Com prote\u00e7\u00e3o contra Gazuas, Bumping, Extra\u00e7\u00e3o, Quebra e Fura\u00e7\u00e3o. Conhe\u00e7a aqui!\" \/>\n<meta property=\"og:url\" content=\"https:\/\/startvita.pt\/site\/cilindros_mul-t-lock\/\" \/>\n<meta property=\"og:site_name\" content=\"Startvita\" \/>\n<meta property=\"article:publisher\" content=\"https:\/\/www.facebook.com\/Startvita.Lda\" \/>\n<meta property=\"article:modified_time\" content=\"2022-02-17T12:09:31+00:00\" \/>\n<meta property=\"og:image\" content=\"https:\/\/startvita.pt\/site\/wp-content\/uploads\/2023\/02\/Logotipo_1-1.png?v=1675254647\" \/>\n\t<meta property=\"og:image:width\" content=\"3565\" \/>\n\t<meta property=\"og:image:height\" content=\"1639\" \/>\n\t<meta property=\"og:image:type\" content=\"image\/png\" \/>\n<meta name=\"twitter:card\" content=\"summary_large_image\" \/>\n<meta name=\"twitter:label1\" content=\"Tempo estimado de leitura\" \/>\n\t<meta name=\"twitter:data1\" content=\"5 minutos\" \/>\n<script type=\"application\/ld+json\" class=\"yoast-schema-graph\">{\"@context\":\"https:\\\/\\\/schema.org\",\"@graph\":[{\"@type\":\"WebPage\",\"@id\":\"https:\\\/\\\/startvita.pt\\\/site\\\/cilindros_mul-t-lock\\\/\",\"url\":\"https:\\\/\\\/startvita.pt\\\/site\\\/cilindros_mul-t-lock\\\/\",\"name\":\"Cilindros Mul-t-Lock - Startvita\",\"isPartOf\":{\"@id\":\"https:\\\/\\\/startvita.pt\\\/site\\\/#website\"},\"datePublished\":\"2021-10-29T11:04:42+00:00\",\"dateModified\":\"2022-02-17T12:09:31+00:00\",\"description\":\"Reforce a seguran\u00e7a da sua casa com os cilindros Mul-T-Lock. Com prote\u00e7\u00e3o contra Gazuas, Bumping, Extra\u00e7\u00e3o, Quebra e Fura\u00e7\u00e3o. Conhe\u00e7a aqui!\",\"breadcrumb\":{\"@id\":\"https:\\\/\\\/startvita.pt\\\/site\\\/cilindros_mul-t-lock\\\/#breadcrumb\"},\"inLanguage\":\"pt-PT\",\"potentialAction\":[{\"@type\":\"ReadAction\",\"target\":[\"https:\\\/\\\/startvita.pt\\\/site\\\/cilindros_mul-t-lock\\\/\"]}]},{\"@type\":\"BreadcrumbList\",\"@id\":\"https:\\\/\\\/startvita.pt\\\/site\\\/cilindros_mul-t-lock\\\/#breadcrumb\",\"itemListElement\":[{\"@type\":\"ListItem\",\"position\":1,\"name\":\"In\u00edcio\",\"item\":\"https:\\\/\\\/startvita.pt\\\/site\\\/\"},{\"@type\":\"ListItem\",\"position\":2,\"name\":\"Cilindros Mul-t-Lock\"}]},{\"@type\":\"WebSite\",\"@id\":\"https:\\\/\\\/startvita.pt\\\/site\\\/#website\",\"url\":\"https:\\\/\\\/startvita.pt\\\/site\\\/\",\"name\":\"Startvita Portas Blindadas\",\"description\":\"Portas Blindadas\",\"publisher\":{\"@id\":\"https:\\\/\\\/startvita.pt\\\/site\\\/#organization\"},\"alternateName\":\"Startvita\",\"potentialAction\":[{\"@type\":\"SearchAction\",\"target\":{\"@type\":\"EntryPoint\",\"urlTemplate\":\"https:\\\/\\\/startvita.pt\\\/site\\\/?s={search_term_string}\"},\"query-input\":{\"@type\":\"PropertyValueSpecification\",\"valueRequired\":true,\"valueName\":\"search_term_string\"}}],\"inLanguage\":\"pt-PT\"},{\"@type\":\"Organization\",\"@id\":\"https:\\\/\\\/startvita.pt\\\/site\\\/#organization\",\"name\":\"Startvita Portas Blindadas\",\"alternateName\":\"Startvita, Lda.\",\"url\":\"https:\\\/\\\/startvita.pt\\\/site\\\/\",\"logo\":{\"@type\":\"ImageObject\",\"inLanguage\":\"pt-PT\",\"@id\":\"https:\\\/\\\/startvita.pt\\\/site\\\/#\\\/schema\\\/logo\\\/image\\\/\",\"url\":\"https:\\\/\\\/startvita.pt\\\/site\\\/wp-content\\\/uploads\\\/2014\\\/08\\\/Logo_seo.png\",\"contentUrl\":\"https:\\\/\\\/startvita.pt\\\/site\\\/wp-content\\\/uploads\\\/2014\\\/08\\\/Logo_seo.png\",\"width\":691,\"height\":691,\"caption\":\"Startvita Portas Blindadas\"},\"image\":{\"@id\":\"https:\\\/\\\/startvita.pt\\\/site\\\/#\\\/schema\\\/logo\\\/image\\\/\"},\"sameAs\":[\"https:\\\/\\\/www.facebook.com\\\/Startvita.Lda\",\"https:\\\/\\\/www.instagram.com\\\/startvita_portas\\\/\"],\"description\":\"Com\u00e9rcio e montagem de Portas Blindadas, Port\u00f5es Seccion\u00e1veis e Automatismos, Serralharia Port\u00f5es e Gradeamentos. Temos tamb\u00e9m Portas Corta-Fogo, Portas Multiuso, Portas de Interior, entre outros.\",\"email\":\"geral@startvita.pt\",\"telephone\":\"212216028\",\"legalName\":\"Startvita - Portas e Automatismos Unipessoal, Lda.\",\"foundingDate\":\"2006-02-07\",\"vatID\":\"507634322\",\"numberOfEmployees\":{\"@type\":\"QuantitativeValue\",\"minValue\":\"1\",\"maxValue\":\"10\"},\"publishingPrinciples\":\"https:\\\/\\\/startvita.pt\\\/site\\\/produtos-seguranca-startvita\\\/\"}]}<\/script>\n<!-- \/ Yoast SEO Premium plugin. -->","yoast_head_json":{"title":"Cilindros Mul-t-Lock - Startvita","description":"Reforce a seguran\u00e7a da sua casa com os cilindros Mul-T-Lock. Com prote\u00e7\u00e3o contra Gazuas, Bumping, Extra\u00e7\u00e3o, Quebra e Fura\u00e7\u00e3o. Conhe\u00e7a aqui!","robots":{"index":"index","follow":"follow","max-snippet":"max-snippet:-1","max-image-preview":"max-image-preview:large","max-video-preview":"max-video-preview:-1"},"canonical":"https:\/\/startvita.pt\/site\/cilindros_mul-t-lock\/","og_locale":"pt_PT","og_type":"article","og_title":"Cilindros Mul-t-Lock","og_description":"Reforce a seguran\u00e7a da sua casa com os cilindros Mul-T-Lock. Com prote\u00e7\u00e3o contra Gazuas, Bumping, Extra\u00e7\u00e3o, Quebra e Fura\u00e7\u00e3o. Conhe\u00e7a aqui!","og_url":"https:\/\/startvita.pt\/site\/cilindros_mul-t-lock\/","og_site_name":"Startvita","article_publisher":"https:\/\/www.facebook.com\/Startvita.Lda","article_modified_time":"2022-02-17T12:09:31+00:00","og_image":[{"width":3565,"height":1639,"url":"https:\/\/startvita.pt\/site\/wp-content\/uploads\/2023\/02\/Logotipo_1-1.png?v=1675254647","type":"image\/png"}],"twitter_card":"summary_large_image","twitter_misc":{"Tempo estimado de leitura":"5 minutos"},"schema":{"@context":"https:\/\/schema.org","@graph":[{"@type":"WebPage","@id":"https:\/\/startvita.pt\/site\/cilindros_mul-t-lock\/","url":"https:\/\/startvita.pt\/site\/cilindros_mul-t-lock\/","name":"Cilindros Mul-t-Lock - Startvita","isPartOf":{"@id":"https:\/\/startvita.pt\/site\/#website"},"datePublished":"2021-10-29T11:04:42+00:00","dateModified":"2022-02-17T12:09:31+00:00","description":"Reforce a seguran\u00e7a da sua casa com os cilindros Mul-T-Lock. Com prote\u00e7\u00e3o contra Gazuas, Bumping, Extra\u00e7\u00e3o, Quebra e Fura\u00e7\u00e3o. Conhe\u00e7a aqui!","breadcrumb":{"@id":"https:\/\/startvita.pt\/site\/cilindros_mul-t-lock\/#breadcrumb"},"inLanguage":"pt-PT","potentialAction":[{"@type":"ReadAction","target":["https:\/\/startvita.pt\/site\/cilindros_mul-t-lock\/"]}]},{"@type":"BreadcrumbList","@id":"https:\/\/startvita.pt\/site\/cilindros_mul-t-lock\/#breadcrumb","itemListElement":[{"@type":"ListItem","position":1,"name":"In\u00edcio","item":"https:\/\/startvita.pt\/site\/"},{"@type":"ListItem","position":2,"name":"Cilindros Mul-t-Lock"}]},{"@type":"WebSite","@id":"https:\/\/startvita.pt\/site\/#website","url":"https:\/\/startvita.pt\/site\/","name":"Startvita Portas Blindadas","description":"Portas Blindadas","publisher":{"@id":"https:\/\/startvita.pt\/site\/#organization"},"alternateName":"Startvita","potentialAction":[{"@type":"SearchAction","target":{"@type":"EntryPoint","urlTemplate":"https:\/\/startvita.pt\/site\/?s={search_term_string}"},"query-input":{"@type":"PropertyValueSpecification","valueRequired":true,"valueName":"search_term_string"}}],"inLanguage":"pt-PT"},{"@type":"Organization","@id":"https:\/\/startvita.pt\/site\/#organization","name":"Startvita Portas Blindadas","alternateName":"Startvita, Lda.","url":"https:\/\/startvita.pt\/site\/","logo":{"@type":"ImageObject","inLanguage":"pt-PT","@id":"https:\/\/startvita.pt\/site\/#\/schema\/logo\/image\/","url":"https:\/\/startvita.pt\/site\/wp-content\/uploads\/2014\/08\/Logo_seo.png","contentUrl":"https:\/\/startvita.pt\/site\/wp-content\/uploads\/2014\/08\/Logo_seo.png","width":691,"height":691,"caption":"Startvita Portas Blindadas"},"image":{"@id":"https:\/\/startvita.pt\/site\/#\/schema\/logo\/image\/"},"sameAs":["https:\/\/www.facebook.com\/Startvita.Lda","https:\/\/www.instagram.com\/startvita_portas\/"],"description":"Com\u00e9rcio e montagem de Portas Blindadas, Port\u00f5es Seccion\u00e1veis e Automatismos, Serralharia Port\u00f5es e Gradeamentos. Temos tamb\u00e9m Portas Corta-Fogo, Portas Multiuso, Portas de Interior, entre outros.","email":"geral@startvita.pt","telephone":"212216028","legalName":"Startvita - Portas e Automatismos Unipessoal, Lda.","foundingDate":"2006-02-07","vatID":"507634322","numberOfEmployees":{"@type":"QuantitativeValue","minValue":"1","maxValue":"10"},"publishingPrinciples":"https:\/\/startvita.pt\/site\/produtos-seguranca-startvita\/"}]}},"_links":{"self":[{"href":"https:\/\/startvita.pt\/site\/wp-json\/wp\/v2\/pages\/4155","targetHints":{"allow":["GET"]}}],"collection":[{"href":"https:\/\/startvita.pt\/site\/wp-json\/wp\/v2\/pages"}],"about":[{"href":"https:\/\/startvita.pt\/site\/wp-json\/wp\/v2\/types\/page"}],"author":[{"embeddable":true,"href":"https:\/\/startvita.pt\/site\/wp-json\/wp\/v2\/users\/1"}],"replies":[{"embeddable":true,"href":"https:\/\/startvita.pt\/site\/wp-json\/wp\/v2\/comments?post=4155"}],"version-history":[{"count":26,"href":"https:\/\/startvita.pt\/site\/wp-json\/wp\/v2\/pages\/4155\/revisions"}],"predecessor-version":[{"id":7760,"href":"https:\/\/startvita.pt\/site\/wp-json\/wp\/v2\/pages\/4155\/revisions\/7760"}],"wp:attachment":[{"href":"https:\/\/startvita.pt\/site\/wp-json\/wp\/v2\/media?parent=4155"}],"curies":[{"name":"wp","href":"https:\/\/api.w.org\/{rel}","templated":true}]}}