{"id":4134,"date":"2021-10-28T16:59:15","date_gmt":"2021-10-28T16:59:15","guid":{"rendered":"https:\/\/startvita.pt\/site\/?page_id=4134"},"modified":"2021-10-28T17:09:04","modified_gmt":"2021-10-28T17:09:04","slug":"portas-blindadas-sentry_i","status":"publish","type":"page","link":"https:\/\/startvita.pt\/site\/portas-blindadas-sentry_i\/","title":{"rendered":"Portas Blindadas Sentry I"},"content":{"rendered":"<p>[vc_row][vc_column]\r\n\r\r\n\r\r\n<div class=\"doors_empty_space\" data-heightmobile=\"10px\" data-heighttablet=\"80px\" data-heightdesktop=\"130px\">\r\r\n\r\r\n<\/div>\r\r\n      \r\r\n\r\r\n\r\r\n\r\r\n        \r\r\n      \r\r\n    \r\n\r\r\n\r\r\n<div class=\"doors_empty_space\" data-heightmobile=\"10px\" data-heighttablet=\"80px\" data-heightdesktop=\"130px\">\r\r\n\r\r\n<\/div>\r\r\n      \r\r\n\r\r\n\r\r\n\r\r\n        \r\r\n      \r\r\n    \t\t<div class=\"wd-heading  s-behind-t behind-about text-center\" >\r\n\t\t\t\r\n      \r\n      <h2 style=\"margin:0;\" >\r\n\t\t\t\t\tSentry I\t\t\t\t<\/h2>\r\n\r\n        <div style='margin-top: 10px;'><\/div>      \r\n              <h4 style=\"\" >\r\n\t\t\t\t\tConhe\u00e7a A Nossa Vasta Gama De Portas Blindadas\t\t\t\t<\/h4>\r\n      \r\n      \r\n    \t\t<\/div>\r\n\r\n\t\t\r\n\r\r\n\r\r\n<div class=\"doors_empty_space\" data-heightmobile=\"10px\" data-heighttablet=\"80px\" data-heightdesktop=\"130px\">\r\r\n\r\r\n<\/div>\r\r\n      \r\r\n\r\r\n\r\r\n\r\r\n        \r\r\n      \r\r\n    [\/vc_column][\/vc_row][vc_row][vc_column width=&#8221;1\/2&#8243;][vc_single_image image=&#8221;4135&#8243; img_size=&#8221;full&#8221; alignment=&#8221;center&#8221; onclick=&#8221;zoom&#8221;][\/vc_column][vc_column width=&#8221;1\/2&#8243;][vc_column_text]<strong>Estrutura:<\/strong>\u00a0Folha da porta em a\u00e7o electro zincado, composta por duas chapas por inteiro e barras em Omega verticais no interior. Toda a estrutura interna \u00e9 preenchida com pain\u00e9is isolantes de alta densidade com um elevado teor de isolamento t\u00e9rmico e ac\u00fastico. \u00c9 refor\u00e7ada com terceira chapa anti perfura\u00e7\u00e3o, na zona da fechadura. O perfil perim\u00e9trico \u00e9 rematado com guarni\u00e7\u00e3o em a\u00e7o plastificado (carenatura), de cor castanha, que tamb\u00e9m serve de fixa\u00e7\u00e3o do revestimento no exterior. \u00c9 revestida no lado exterior e interior com pain\u00e9is (de madeira e\/ou outros) de modelos variados. Aro em a\u00e7o electro zincado com acabamento a tinta em p\u00f3 ep\u00f3xi, de cor castanha. Duas dobradi\u00e7as, em a\u00e7o, com acabamento id\u00eantico ao aro (ou revestidas com acabamento dos acess\u00f3rios). Pr\u00e9-aro em a\u00e7o electro zincado lacado \u00e0 cor castanha.<\/p>\n<p><strong>Pontos de Fecho:\u00a0<\/strong>Equipada com fechadura de seguran\u00e7a ATRA, predisposta para cilindro de seguran\u00e7a, com trinco e quatro linguetas laterais. Mais duas trancas com acionamento pela fechadura, com fecho ao alto e baixo lateral (com formato de gancho), a trancarem no aro. No lado das dobradi\u00e7as existem seis pernos de a\u00e7o, fixos, com inser\u00e7\u00e3o no aro aquando do fecho da porta.<\/p>\n<p><strong>Equipamento de S\u00e9rie:<\/strong>\u00a0Limitador de abertura Open View (inibi\u00e7\u00e3o da abertura total da folha: sistema mec\u00e2nico no topo da folha e aro da porta).\u00a0\u25aa\u00a0Soleira m\u00f3vel (no interior da folha da porta).\u00a0\u25aa\u00a0Visor com \u00e2ngulo de 200\u00ba.\u00a0\u25aa\u00a0Sistema de prote\u00e7\u00e3o do trinco da fechadura (anti cart\u00e3o), regul\u00e1vel.\u00a0\u25aa\u00a0Guarni\u00e7\u00f5es nos 3 lados do per\u00edmetro do batente e no aro. Kit de puxadores Dierre de cor bronze (punho fixo no exterior + puxador de muleta no interior + cobertura integral das dobradi\u00e7as).<\/p>\n<p><strong>Certificado:<\/strong>\u00a0Anti-Intrus\u00e3o Classe 3 segundo Norma Europeia ENV 1627-1; Certificado de ensaio de isolamento ac\u00fastico segundo Norma Europeia UNI EN ISO 717-1 com resultado de 39 dB (adquirida na Op\u00e7\u00e3o Vers\u00e3o TOP).\u00a0\u25aa\u00a0Marca\u00e7\u00e3o CE.<\/p>\n<p>Clique aqui para\u00a0<a href=\"https:\/\/startvita.pt\/site\/portas_blindadas\/\">COMPRAR<\/a>[\/vc_column_text][\/vc_column][\/vc_row][vc_row][vc_column]\t\t<div class=\"wd-heading  s-behind-t behind-about text-left\" >\r\n\t\t\t\r\n      \r\n      <h2 style=\"margin:0;\" >\r\n\t\t\t\t\t\t\t\t\t<\/h2>\r\n\r\n        <div style='margin-top: 10px;'><\/div>      \r\n              <h4 style=\"\" >\r\n\t\t\t\t\tExtra: Vers\u00e3o WALL SECURITY (Dobradi\u00e7as Ocultas)\t\t\t\t<\/h4>\r\n      \r\n      \r\n    \t\t<\/div>\r\n\r\n\t\t[vc_single_image image=&#8221;4139&#8243; img_size=&#8221;full&#8221;][\/vc_column][\/vc_row]<\/p>\n","protected":false},"excerpt":{"rendered":"<p>[vc_row][vc_column][\/vc_column][\/vc_row][vc_row][vc_column width=&#8221;1\/2&#8243;][vc_single_image image=&#8221;4135&#8243; img_size=&#8221;full&#8221; alignment=&#8221;center&#8221; onclick=&#8221;zoom&#8221;][\/vc_column][vc_column width=&#8221;1\/2&#8243;][vc_column_text]Estrutura:\u00a0Folha da porta em a\u00e7o electro zincado, composta por duas chapas por inteiro e barras em Omega verticais no interior. Toda a estrutura interna \u00e9 preenchida com pain\u00e9is isolantes de alta densidade com um elevado teor de isolamento t\u00e9rmico e ac\u00fastico. \u00c9 refor\u00e7ada com terceira chapa anti perfura\u00e7\u00e3o, na [&hellip;]<\/p>\n","protected":false},"author":1,"featured_media":0,"parent":0,"menu_order":0,"comment_status":"closed","ping_status":"closed","template":"","meta":{"footnotes":""},"class_list":["post-4134","page","type-page","status-publish","hentry"],"yoast_head":"<!-- This site is optimized with the Yoast SEO Premium plugin v24.1 (Yoast SEO v27.4) - https:\/\/yoast.com\/product\/yoast-seo-premium-wordpress\/ -->\n<title>Portas Blindadas Sentry I - Startvita<\/title>\n<meta name=\"robots\" content=\"index, follow, max-snippet:-1, max-image-preview:large, max-video-preview:-1\" \/>\n<link rel=\"canonical\" href=\"https:\/\/startvita.pt\/site\/portas-blindadas-sentry_i\/\" \/>\n<meta property=\"og:locale\" content=\"pt_PT\" \/>\n<meta property=\"og:type\" content=\"article\" \/>\n<meta property=\"og:title\" content=\"Portas Blindadas Sentry I\" \/>\n<meta property=\"og:description\" content=\"[vc_row][vc_column][\/vc_column][\/vc_row][vc_row][vc_column width=&#8221;1\/2&#8243;][vc_single_image image=&#8221;4135&#8243; img_size=&#8221;full&#8221; alignment=&#8221;center&#8221; onclick=&#8221;zoom&#8221;][\/vc_column][vc_column width=&#8221;1\/2&#8243;][vc_column_text]Estrutura:\u00a0Folha da porta em a\u00e7o electro zincado, composta por duas chapas por inteiro e barras em Omega verticais no interior. Toda a estrutura interna \u00e9 preenchida com pain\u00e9is isolantes de alta densidade com um elevado teor de isolamento t\u00e9rmico e ac\u00fastico. \u00c9 refor\u00e7ada com terceira chapa anti perfura\u00e7\u00e3o, na [&hellip;]\" \/>\n<meta property=\"og:url\" content=\"https:\/\/startvita.pt\/site\/portas-blindadas-sentry_i\/\" \/>\n<meta property=\"og:site_name\" content=\"Startvita\" \/>\n<meta property=\"article:publisher\" content=\"https:\/\/www.facebook.com\/Startvita.Lda\" \/>\n<meta property=\"article:modified_time\" content=\"2021-10-28T17:09:04+00:00\" \/>\n<meta property=\"og:image\" content=\"https:\/\/startvita.pt\/site\/wp-content\/uploads\/2023\/02\/Logotipo_1-1.png?v=1675254647\" \/>\n\t<meta property=\"og:image:width\" content=\"3565\" \/>\n\t<meta property=\"og:image:height\" content=\"1639\" \/>\n\t<meta property=\"og:image:type\" content=\"image\/png\" \/>\n<meta name=\"twitter:card\" content=\"summary_large_image\" \/>\n<meta name=\"twitter:label1\" content=\"Tempo estimado de leitura\" \/>\n\t<meta name=\"twitter:data1\" content=\"2 minutos\" \/>\n<script type=\"application\/ld+json\" class=\"yoast-schema-graph\">{\"@context\":\"https:\\\/\\\/schema.org\",\"@graph\":[{\"@type\":\"WebPage\",\"@id\":\"https:\\\/\\\/startvita.pt\\\/site\\\/portas-blindadas-sentry_i\\\/\",\"url\":\"https:\\\/\\\/startvita.pt\\\/site\\\/portas-blindadas-sentry_i\\\/\",\"name\":\"Portas Blindadas Sentry I - Startvita\",\"isPartOf\":{\"@id\":\"https:\\\/\\\/startvita.pt\\\/site\\\/#website\"},\"datePublished\":\"2021-10-28T16:59:15+00:00\",\"dateModified\":\"2021-10-28T17:09:04+00:00\",\"breadcrumb\":{\"@id\":\"https:\\\/\\\/startvita.pt\\\/site\\\/portas-blindadas-sentry_i\\\/#breadcrumb\"},\"inLanguage\":\"pt-PT\",\"potentialAction\":[{\"@type\":\"ReadAction\",\"target\":[\"https:\\\/\\\/startvita.pt\\\/site\\\/portas-blindadas-sentry_i\\\/\"]}]},{\"@type\":\"BreadcrumbList\",\"@id\":\"https:\\\/\\\/startvita.pt\\\/site\\\/portas-blindadas-sentry_i\\\/#breadcrumb\",\"itemListElement\":[{\"@type\":\"ListItem\",\"position\":1,\"name\":\"In\u00edcio\",\"item\":\"https:\\\/\\\/startvita.pt\\\/site\\\/\"},{\"@type\":\"ListItem\",\"position\":2,\"name\":\"Portas Blindadas Sentry I\"}]},{\"@type\":\"WebSite\",\"@id\":\"https:\\\/\\\/startvita.pt\\\/site\\\/#website\",\"url\":\"https:\\\/\\\/startvita.pt\\\/site\\\/\",\"name\":\"Startvita Portas Blindadas\",\"description\":\"Portas Blindadas\",\"publisher\":{\"@id\":\"https:\\\/\\\/startvita.pt\\\/site\\\/#organization\"},\"alternateName\":\"Startvita\",\"potentialAction\":[{\"@type\":\"SearchAction\",\"target\":{\"@type\":\"EntryPoint\",\"urlTemplate\":\"https:\\\/\\\/startvita.pt\\\/site\\\/?s={search_term_string}\"},\"query-input\":{\"@type\":\"PropertyValueSpecification\",\"valueRequired\":true,\"valueName\":\"search_term_string\"}}],\"inLanguage\":\"pt-PT\"},{\"@type\":\"Organization\",\"@id\":\"https:\\\/\\\/startvita.pt\\\/site\\\/#organization\",\"name\":\"Startvita Portas Blindadas\",\"alternateName\":\"Startvita, Lda.\",\"url\":\"https:\\\/\\\/startvita.pt\\\/site\\\/\",\"logo\":{\"@type\":\"ImageObject\",\"inLanguage\":\"pt-PT\",\"@id\":\"https:\\\/\\\/startvita.pt\\\/site\\\/#\\\/schema\\\/logo\\\/image\\\/\",\"url\":\"https:\\\/\\\/startvita.pt\\\/site\\\/wp-content\\\/uploads\\\/2014\\\/08\\\/Logo_seo.png\",\"contentUrl\":\"https:\\\/\\\/startvita.pt\\\/site\\\/wp-content\\\/uploads\\\/2014\\\/08\\\/Logo_seo.png\",\"width\":691,\"height\":691,\"caption\":\"Startvita Portas Blindadas\"},\"image\":{\"@id\":\"https:\\\/\\\/startvita.pt\\\/site\\\/#\\\/schema\\\/logo\\\/image\\\/\"},\"sameAs\":[\"https:\\\/\\\/www.facebook.com\\\/Startvita.Lda\",\"https:\\\/\\\/www.instagram.com\\\/startvita_portas\\\/\"],\"description\":\"Com\u00e9rcio e montagem de Portas Blindadas, Port\u00f5es Seccion\u00e1veis e Automatismos, Serralharia Port\u00f5es e Gradeamentos. Temos tamb\u00e9m Portas Corta-Fogo, Portas Multiuso, Portas de Interior, entre outros.\",\"email\":\"geral@startvita.pt\",\"telephone\":\"212216028\",\"legalName\":\"Startvita - Portas e Automatismos Unipessoal, Lda.\",\"foundingDate\":\"2006-02-07\",\"vatID\":\"507634322\",\"numberOfEmployees\":{\"@type\":\"QuantitativeValue\",\"minValue\":\"1\",\"maxValue\":\"10\"},\"publishingPrinciples\":\"https:\\\/\\\/startvita.pt\\\/site\\\/produtos-seguranca-startvita\\\/\"}]}<\/script>\n<!-- \/ Yoast SEO Premium plugin. -->","yoast_head_json":{"title":"Portas Blindadas Sentry I - Startvita","robots":{"index":"index","follow":"follow","max-snippet":"max-snippet:-1","max-image-preview":"max-image-preview:large","max-video-preview":"max-video-preview:-1"},"canonical":"https:\/\/startvita.pt\/site\/portas-blindadas-sentry_i\/","og_locale":"pt_PT","og_type":"article","og_title":"Portas Blindadas Sentry I","og_description":"[vc_row][vc_column][\/vc_column][\/vc_row][vc_row][vc_column width=&#8221;1\/2&#8243;][vc_single_image image=&#8221;4135&#8243; img_size=&#8221;full&#8221; alignment=&#8221;center&#8221; onclick=&#8221;zoom&#8221;][\/vc_column][vc_column width=&#8221;1\/2&#8243;][vc_column_text]Estrutura:\u00a0Folha da porta em a\u00e7o electro zincado, composta por duas chapas por inteiro e barras em Omega verticais no interior. Toda a estrutura interna \u00e9 preenchida com pain\u00e9is isolantes de alta densidade com um elevado teor de isolamento t\u00e9rmico e ac\u00fastico. \u00c9 refor\u00e7ada com terceira chapa anti perfura\u00e7\u00e3o, na [&hellip;]","og_url":"https:\/\/startvita.pt\/site\/portas-blindadas-sentry_i\/","og_site_name":"Startvita","article_publisher":"https:\/\/www.facebook.com\/Startvita.Lda","article_modified_time":"2021-10-28T17:09:04+00:00","og_image":[{"width":3565,"height":1639,"url":"https:\/\/startvita.pt\/site\/wp-content\/uploads\/2023\/02\/Logotipo_1-1.png?v=1675254647","type":"image\/png"}],"twitter_card":"summary_large_image","twitter_misc":{"Tempo estimado de leitura":"2 minutos"},"schema":{"@context":"https:\/\/schema.org","@graph":[{"@type":"WebPage","@id":"https:\/\/startvita.pt\/site\/portas-blindadas-sentry_i\/","url":"https:\/\/startvita.pt\/site\/portas-blindadas-sentry_i\/","name":"Portas Blindadas Sentry I - Startvita","isPartOf":{"@id":"https:\/\/startvita.pt\/site\/#website"},"datePublished":"2021-10-28T16:59:15+00:00","dateModified":"2021-10-28T17:09:04+00:00","breadcrumb":{"@id":"https:\/\/startvita.pt\/site\/portas-blindadas-sentry_i\/#breadcrumb"},"inLanguage":"pt-PT","potentialAction":[{"@type":"ReadAction","target":["https:\/\/startvita.pt\/site\/portas-blindadas-sentry_i\/"]}]},{"@type":"BreadcrumbList","@id":"https:\/\/startvita.pt\/site\/portas-blindadas-sentry_i\/#breadcrumb","itemListElement":[{"@type":"ListItem","position":1,"name":"In\u00edcio","item":"https:\/\/startvita.pt\/site\/"},{"@type":"ListItem","position":2,"name":"Portas Blindadas Sentry I"}]},{"@type":"WebSite","@id":"https:\/\/startvita.pt\/site\/#website","url":"https:\/\/startvita.pt\/site\/","name":"Startvita Portas Blindadas","description":"Portas Blindadas","publisher":{"@id":"https:\/\/startvita.pt\/site\/#organization"},"alternateName":"Startvita","potentialAction":[{"@type":"SearchAction","target":{"@type":"EntryPoint","urlTemplate":"https:\/\/startvita.pt\/site\/?s={search_term_string}"},"query-input":{"@type":"PropertyValueSpecification","valueRequired":true,"valueName":"search_term_string"}}],"inLanguage":"pt-PT"},{"@type":"Organization","@id":"https:\/\/startvita.pt\/site\/#organization","name":"Startvita Portas Blindadas","alternateName":"Startvita, Lda.","url":"https:\/\/startvita.pt\/site\/","logo":{"@type":"ImageObject","inLanguage":"pt-PT","@id":"https:\/\/startvita.pt\/site\/#\/schema\/logo\/image\/","url":"https:\/\/startvita.pt\/site\/wp-content\/uploads\/2014\/08\/Logo_seo.png","contentUrl":"https:\/\/startvita.pt\/site\/wp-content\/uploads\/2014\/08\/Logo_seo.png","width":691,"height":691,"caption":"Startvita Portas Blindadas"},"image":{"@id":"https:\/\/startvita.pt\/site\/#\/schema\/logo\/image\/"},"sameAs":["https:\/\/www.facebook.com\/Startvita.Lda","https:\/\/www.instagram.com\/startvita_portas\/"],"description":"Com\u00e9rcio e montagem de Portas Blindadas, Port\u00f5es Seccion\u00e1veis e Automatismos, Serralharia Port\u00f5es e Gradeamentos. Temos tamb\u00e9m Portas Corta-Fogo, Portas Multiuso, Portas de Interior, entre outros.","email":"geral@startvita.pt","telephone":"212216028","legalName":"Startvita - Portas e Automatismos Unipessoal, Lda.","foundingDate":"2006-02-07","vatID":"507634322","numberOfEmployees":{"@type":"QuantitativeValue","minValue":"1","maxValue":"10"},"publishingPrinciples":"https:\/\/startvita.pt\/site\/produtos-seguranca-startvita\/"}]}},"_links":{"self":[{"href":"https:\/\/startvita.pt\/site\/wp-json\/wp\/v2\/pages\/4134","targetHints":{"allow":["GET"]}}],"collection":[{"href":"https:\/\/startvita.pt\/site\/wp-json\/wp\/v2\/pages"}],"about":[{"href":"https:\/\/startvita.pt\/site\/wp-json\/wp\/v2\/types\/page"}],"author":[{"embeddable":true,"href":"https:\/\/startvita.pt\/site\/wp-json\/wp\/v2\/users\/1"}],"replies":[{"embeddable":true,"href":"https:\/\/startvita.pt\/site\/wp-json\/wp\/v2\/comments?post=4134"}],"version-history":[{"count":4,"href":"https:\/\/startvita.pt\/site\/wp-json\/wp\/v2\/pages\/4134\/revisions"}],"predecessor-version":[{"id":4140,"href":"https:\/\/startvita.pt\/site\/wp-json\/wp\/v2\/pages\/4134\/revisions\/4140"}],"wp:attachment":[{"href":"https:\/\/startvita.pt\/site\/wp-json\/wp\/v2\/media?parent=4134"}],"curies":[{"name":"wp","href":"https:\/\/api.w.org\/{rel}","templated":true}]}}